d i.
9
Suppose -4*m = 4*b - 4, 1 = 5*m + b - 8. Suppose -3*u + 12 = 0, 3*z = -7*u + m*u - 49. Let t = -15 - z. Calculate the greatest common factor of 8 and t.
8
Let y(z) = 7*z**2 + z**2 + 3*z - z. Let k be y(4). Let l(p) = p**3 + 11*p**2 - 12*p + 17. Let a be l(-12). Calculate the highest common factor of a and k.
17
Let h(r) = r + 1. Suppose 2*s + 12 = -0*s. Let z be h(s). Let n(j) = j + 11. Let g be n(z). What is the highest common divisor of g and 12?
6
Let x = -3 - -4. Let p be (24/(-6))/(x*-1). Calculate the highest common divisor of 12 and p.
4
Suppose -u = 2*g + 2*g - 53, -3*g - 3*u = -51. Suppose 5*h = -0*h + 145. Let b = 41 - h. What is the greatest common divisor of g and b?
12
Let f(k) = -2*k**2 - 10*k - 6. Let h be f(-6). Let a = -10 - h. Suppose 0 = -s + a + 2. Calculate the highest common divisor of 10 and s.
10
Let m = -87 - -241. Suppose t - m = -t. What is the greatest common factor of 11 and t?
11
Let m(g) = -81*g - 1. Let b be m(-1). Calculate the highest common factor of b and 16.
16
Let v(x) = -x - 2. Let q be v(-4). Let r be ((-28)/12)/(q/(-96)). Suppose r = -p + 5*p. What is the highest common divisor of p and 14?
14
Let t be (12/(-10))/((-2)/5). Calculate the highest common factor of t and 1.
1
Let t(l) = l**2 + l - 2. Let b be t(-4). What is the greatest common factor of 10 and b?
10
Suppose -3*a + 16 = -a. Suppose a = 4*z - 0. What is the greatest common factor of 10 and z?
2
Suppose 0*g = g - 203. Suppose 23 - g = -5*f. Let w be (4/3)/((-1)/(-3)). Calculate the highest common divisor of f and w.
4
Let y be (-1 - 0)/((-5)/(-80)). Let p = y + 30. Calculate the highest common divisor of p and 126.
14
Let s(p) = -p**2 - 2*p + 1. Let n be s(2). Let u(r) = -2*r. Let c be u(n). Let b = 14 + -12. What is the greatest common divisor of b and c?
2
Suppose -13 = -3*y + 5. Suppose -3*h = -b - y, -h - 6 - 8 = 5*b. Let d = 0 + h. Calculate the highest common divisor of 11 and d.
1
Let p be (2/(-6))/((-12)/288). What is the highest common divisor of 104 and p?
8
Suppose -h - 8 = 2*l + 3*h, 0 = -3*l + 2*h + 12. Suppose -w + 1 + 3 = 0. Suppose 2*p - w*p = -6. What is the highest common divisor of l and p?
1
Let n = 17 - -28. Suppose 0 = -4*k + 51 + n. What is the highest common divisor of k and 60?
12
Let q be ((-5)/15)/(1/(-3)). Calculate the greatest common divisor of q and 1.
1
Let a = -8 + 4. Let o(q) = -23*q - 4. Let u be o(a). Let d(c) = -c**2 + 8*c + 1. Let i be d(7). Calculate the highest common factor of u and i.
8
Let s(n) = -5*n - 32. Let p(u) = -2*u - 11. Let r(h) = -17*p(h) + 6*s(h). Let a be r(5). Calculate the highest common divisor of 165 and a.
15
Suppose a + a - 322 = 0. Let t be 3/6*2 + a. Let g = t - 114. Calculate the greatest common factor of g and 6.
6
Let b = 51 - 6. Let d be (0 - -2)*9/2. What is the greatest common factor of b and d?
9
Suppose 3*y - 117 = -4*w, -4*w + 2*y + 48 = -2*w. Let p = 3 - 1. Suppose 0 = -0*j + p*j - 18. What is the highest common divisor of w and j?
9
Let u = 6 + -6. Suppose -4*h - 5*g + 17 + 12 = u, h = 5*g + 1. Calculate the highest common divisor of h and 2.
2
Let y = 28 + -16. What is the highest common factor of 12 and y?
12
Let b = -2 + 3. Let u = 8 + b. Suppose 0 = 4*r - 15 + 3. Calculate the highest common divisor of u and r.
3
Let g(i) = -i**3 + 7*i**2 + 4*i - 7. Let j be ((-35)/(-14))/((-2)/4). Let h = 2 - j. Let m be g(h). Calculate the greatest common factor of 7 and m.
7
Let h = 13 - -2. Suppose -3*u + 9 = 5*b, -12 = u - 5*u - 2*b. Let y be u + (-3 - -3) + 162. Calculate the highest common divisor of y and h.
15
Let w(s) = s**3 + 10*s**2 + 3*s. Let i be w(-9). Let f be -1*1 - (-31)/(-1). Let y = f + 50. What is the greatest common divisor of i and y?
18
Let r = -28 + 54. What is the greatest common factor of 65 and r?
13
Let t(y) = -y**3 + 4*y**2 - 3*y + 1. Let x be t(5). Let o be (1 - x/(-3))*-4. Suppose -2*c - 64 = -4*c. What is the highest common divisor of c and o?
16
Suppose 6*j - 10 = j. Suppose -3*f + 188 = -4*o, 5*f - j*o = -3*o + 344. What is the highest common divisor of f and 17?
17
Let h(g) = g**2 - 35. Let a be h(-6). What is the greatest common factor of 4 and a?
1
Let x(o) = o**2 + 8*o + 25. Let s be x(-13). Calculate the highest common factor of s and 18.
18
Let i be (-2)/5 - (-252)/30. What is the highest common factor of 32 and i?
8
Let z(t) = -t**2 + 17*t - 16. Let b be z(14). Calculate the greatest common divisor of 65 and b.
13
Suppose 4*b = -4*u + 40, 5*b + 0*b - 10 = 3*u. Suppose 11 - 1 = b*n. Let z be -4*(1 + -5) - 0. What is the highest common factor of n and z?
2
Suppose -3*x = -u - 0*u - 4, -36 = -2*u - 5*x. Let y(l) = l**2 - 6*l - 1. Let z be y(u). Calculate the highest common factor of z and 10.
5
Let i = -14 + 23. What is the greatest common factor of i and 9?
9
Suppose f = 5*d - 1, -3*d = 2*f - 3*f + 3. What is the highest common divisor of 3 and f?
3
Let o(b) = b**2 - 3*b - 3. Let w be o(-3). Calculate the highest common factor of 25 and w.
5
Let r be 4/18 - 6631/(-171). Calculate the highest common factor of r and 91.
13
Let h be 4/8 - 10/(-4). Suppose 54 = h*u - u. Suppose 27 = 4*l - 3*g - u, 79 = 5*l + 2*g. Calculate the greatest common divisor of l and 10.
5
Let z = -286 + 970. Suppose -2*w - z = -6*w. Calculate the highest common factor of 19 and w.
19
Let m(u) be the first derivative of 2*u**3/3 - 5*u**2 - 7*u + 2. Let c be m(8). Let l = c - 29. Calculate the highest common factor of 108 and l.
12
Let k(n) = n**3 + 5*n**2 + 6*n + 2. Let c be k(-4). Let j = -1 - c. Let v be ((-5)/(-2))/(1/14). Calculate the highest common factor of j and v.
5
Let x be (-1 - 304/(-14)) + 10/35. What is the highest common divisor of 21 and x?
21
Suppose -12 = -4*b - 3*d, 3*b - 10 = -4*d + 2*d. Suppose 5*z = -h + b*h - 290, 2*z - 304 = -5*h. Calculate the highest common divisor of h and 10.
10
Suppose 4*b - 116 - 4 = 0. Suppose -y + 16 = 4*s, 2*y - 2*s = -4*s + 38. What is the greatest common factor of b and y?
10
Suppose 3*t - 8*t + 115 = -3*c, -5*t - 2*c + 115 = 0. Let o = t - 18. Calculate the greatest common factor of 5 and o.
5
Let h be (2/6)/(9/135). Calculate the greatest common divisor of h and 35.
5
Let j = -32 + 34. What is the greatest common factor of j and 14?
2
Suppose o - 55 - 20 = -4*l, o - 85 = -2*l. What is the highest common divisor of o and 19?
19
Suppose -3*o + 4*c = -83, 7*o - 4*o - 77 = c. What is the highest common factor of o and 200?
25
Suppose 5*o + 2*d = o + 1306, 0 = -3*o - 3*d + 987. Let u = o - 162. Suppose -18 = -0*n - n. What is the greatest common factor of n and u?
18
Let m(v) = -v**3 - 3. Let p be m(-3). Calculate the greatest common divisor of p and 24.
24
Let x(m) = 2*m**2 - 3*m - 2. Suppose z = -2*z + 3, -3*z + 12 = -t. Let u = t - -13. Let f be x(u). Calculate the greatest common factor of f and 9.
9
Let r = -200 + 290. Suppose f - r = -f. Let u = 32 + f. Calculate the highest common divisor of u and 11.
11
Suppose c = -5*j + 54, c = -5*j + 4*c + 58. Calculate the greatest common divisor of 99 and j.
11
Let n = -6 - -8. Suppose -146 = -n*z + 124. Calculate the greatest common factor of z and 15.
15
Suppose -3*r + 13 = s, -s + 2*r + 18 = s. Let y = 31 - -79. Calculate the highest common factor of y and s.
10
Let v(x) = -x - 2. Let c(l) = l**3 + 6*l**2 - 5*l + 8. Let a be c(-7). Let s be v(a). Calculate the greatest common divisor of 10 and s.
2
Let t = -1 + 3. Suppose 4*b - 7*l + 2*l = -30, t = -b + 4*l. Let p be (-36)/(-10) - (-6)/b. Calculate the greatest common divisor of 9 and p.
3
Let s be (2 - -1)*(-2)/3. Let w be (3 + s + 0)*2. Let t = 22 - 4. Calculate the highest common factor of t and w.
2
Suppose -4*s + t + 21 = 0, 5*t + 25 = -0*s + 4*s. Let v(g) = 2*g**2 - g. Let m be v(-2). Calculate the greatest common factor of m and s.
5
Let l(i) = -5*i**3 + 2*i**2 - 5*i + 2. Let s(d) = d**3 + d - 1. Let f(k) = -l(k) - 2*s(k). Let n be f(2). What is the highest common factor of n and 11?
11
Suppose 0*b = -2*b - 6. Let f be 10 - (1 + b/(-3)). Let z = 86 + 2. What is the greatest common divisor of f and z?
8
Suppose 5*k - 18 = 7. Suppose -8 = w - k*w. Suppose 103 = w*o + 5*h, 2*o - h - h - 96 = 0. Calculate the highest common factor of 7 and o.
7
Suppose -4*a - t - 4 = 0, 5*a - 2*t = 2*t - 5. Let r = 2 - a. Suppo